Suppose 18*l = -3*c + 23*l + 24182, -56440 = -7*c + 4*l. What is the greatest common divisor of c and 63?
63
Suppose y + 241 = 466. Suppose z = 4*n - 366, 4*z + 384 = 15*n - 11*n. What is the highest common divisor of y and n?
45
Let n(u) = 12*u + 460*u**2 - 227*u**2 - 5*u + 11*u - 229*u**2 - 111. Let r be n(-16). What is the greatest common factor of r and 50?
25
Let w be ((-312690)/441)/(-10) + 4/42. Calculate the highest common factor of 2627 and w.
71
Let d = -5924 + 6108. What is the greatest common divisor of 69 and d?
23
Suppose 4*t = 627*c - 629*c + 11782, -2*t = 4*c - 5882. What is the greatest common factor of t and 21?
7
Let r = -256 - -265. Suppose -78 = -r*h + 102. Calculate the highest common factor of 20 and h.
20
Suppose 21*a = 14*a + 1043. Suppose 3*m = -5*n + a, -3*n + 2*m + 30 = -48. Calculate the greatest common factor of 8 and n.
4
Let a be 16065/175 - (-2)/10. What is the greatest common factor of 1564 and a?
92
Suppose 569*n - 20*n - 1830915 = 0. What is the highest common divisor of n and 145?
145
Let x = 19 - 16. Suppose -x*c + 90 = 3. Let b = 51 - c. What is the greatest common factor of b and 154?
22
Suppose -8*d = -25*d - 357. Let j be (-6)/d - (-1 - 108/14). Calculate the highest common factor of 18 and j.
9
Let d be ((-192)/40)/(8/(-16340)). Calculate the highest common factor of 344 and d.
172
Let l(p) = -4 + 2 + 0 - p + 10. Let b be l(13). Let m be (-4)/2 + -4*(b - 0). What is the highest common divisor of m and 9?
9
Suppose -141*j + 133*j + 48 = 0. Suppose 12*a - 216 = -j*a. What is the highest common divisor of 32 and a?
4
Let q(h) = -9*h + 15. Suppose 24 = -11*g + 7*g. Let n be q(g). Suppose -7*k + 3*k = -92. Calculate the greatest common factor of n and k.
23
Let o be 26971/364 - (-4)/(-16) - 12/(-78). What is the greatest common factor of o and 814?
74
Let a = -30 + 32. Suppose -t - 3 = -a*t + 3*l, 20 = 2*t + l. Let h = 35 - 17. Calculate the highest common divisor of t and h.
9
Let o(l) = l**3 - 24*l**2 + 45*l - 17. Let k be o(21). Let v = k + 623. Calculate the greatest common factor of 12 and v.
12
Suppose 8*t = 81629 - 30021 + 73504. Calculate the highest common factor of t and 39.
39
Let w = -4973 - -5557. Calculate the greatest common factor of 32 and w.
8
Suppose 3*l - 20 = 10. Let u(y) = 26*y + 26. Let v be u(3). Suppose -l*w - v = -14*w. What is the highest common factor of w and 130?
26
Suppose 0 = 4*o - 3*c, -c = 2*o - 5*c + 10. Let z = 58 - o. Suppose -5*w + 23 = m, -2*m - 16 = -4*w + 8. Calculate the highest common divisor of w and z.
5
Let n be 8/(-12) - 472/(-6). Let l be ((-2)/(-6))/(42/(-1134)). Let u = l + 15. Calculate the greatest common divisor of n and u.
6
Let c(f) = f**2 - 77*f - 988. Let h be c(124). What is the highest common divisor of 99 and h?
11
Let x = 29090 + -28291. Calculate the greatest common factor of x and 34.
17
Let g = 13744 - 13686. What is the greatest common divisor of g and 50808?
58
Let t(u) = 20*u**2 + 3*u + 6*u + 0*u - 428 + 415. Let k be t(2). What is the greatest common divisor of 34 and k?
17
Let z(g) be the second derivative of -g**4/12 - 2*g**3 + 29*g**2/2 + 19*g. Let q be z(16). Let y = -243 - q. Calculate the highest common divisor of y and 22.
22
Let q(f) = -47*f**3 + 7*f**2 + 3*f + 9. Let p be q(-3). What is the highest common factor of p and 2812?
148
Suppose 511*x - 512*x + 204 = -5*l, 0 = -4*x - 5*l + 966. Calculate the greatest common divisor of x and 594.
18
Let c be (2662/(-363))/(4/(-54)). What is the highest common divisor of c and 30?
3
Suppose -7720*r - 150 = -7730*r. Suppose -2*a = -7*a + 15. What is the greatest common divisor of a and r?
3
Suppose 2*c = 4*c - 3*m - 232, -c = 4*m - 105. Suppose 4582 = 57*t + t. Let f = c - t. What is the greatest common factor of f and 85?
17
Let m be 13 - (-15)/(-9)*3. Let c = 213 + m. Suppose -a = -3*z - 22, a + 5*z - 4*z - 10 = 0. What is the highest common factor of c and a?
13
Let s = 11729 - 10992. Calculate the greatest common divisor of s and 469.
67
Let b = 13 - 1. Let k be ((-216)/15)/(b/(-40)). Let c = -30 + k. Calculate the greatest common divisor of c and 126.
18
Let u(x) = -178*x - 8137. Let i be u(-49). Calculate the highest common divisor of i and 403.
13
Let r(o) be the second derivative of 9/2*o**2 + 9/4*o**4 + 31*o + 5/3*o**3 + 0. Let y be r(-1). Calculate the highest common divisor of 143 and y.
13
Let m = 1556 - 1493. What is the greatest common factor of m and 45?
9
Let f be (-797488)/(-288) - 2/36. Calculate the greatest common divisor of f and 71.
71
Suppose -69629 = -82*h - 14607. What is the highest common factor of 1586 and h?
61
Let b be -257 - (6 + -2)/4. Let p = -120 - b. What is the greatest common divisor of p and 6?
6
Let t(d) = 389*d**2 - 244*d + 1460. Let q be t(6). What is the highest common factor of q and 16?
16
Let b be -3 + (114 - (-5 - (-5 + 1))). Let s = 296 - b. What is the greatest common factor of s and 46?
46
Let k = -594 + 790. What is the highest common divisor of 42 and k?
14
Suppose 1438 = 173*u + 54. Calculate the highest common divisor of u and 1024.
8
Let b(n) = 5241*n**2 + 712*n - 713. Let h be b(1). Calculate the highest common divisor of h and 10.
10
Let r(v) = -v + 56. Let l be r(-13). Calculate the greatest common divisor of 230 and l.
23
Let o(a) = 2*a**2 - 6*a - 12. Let y be o(-3). Suppose -41 = -3*s + 43. Suppose s*k - 36 = 25*k. What is the highest common divisor of k and y?
12
Let o(k) = -12*k**3 - k - 1. Suppose -2*p = u - 9, 0*u - 4*p = -4*u - 24. Let t be o(u). What is the highest common factor of t and 300?
12
Suppose -37*y + 3128 = -757. Calculate the greatest common factor of 245 and y.
35
Let i(a) = -2*a**3 - 5*a**2 + a - 30. Let j be i(-6). Suppose -4*o = -2*o - 2. Suppose y + 3*q = 21, o - 2 = q. What is the highest common divisor of j and y?
24
Let o(v) = 449*v + 4. Let h be o(-1). Let k = -297 - h. Let b = -139 + k. What is the greatest common divisor of 117 and b?
9
Suppose -n - 2*x + 6*x = 0, -5*x + 25 = 5*n. Let r(h) = h**2 + 17 + 4*h + 3 - 7 + 2. Let q be r(-5). What is the highest common divisor of q and n?
4
Let v(n) = 2*n**3 - n**2 - 2. Let y be v(2). Suppose y*s - 6*s + 264 = 0. Let b be (s/(-5))/((-9)/(-60)). What is the greatest common divisor of b and 8?
8
Let u(m) = -3*m**3 - 8*m**2 + 28*m + 90. Let i be u(-3). Let w = 18 - -57. What is the greatest common divisor of i and w?
15
Let z(k) = k + 5. Let b be z(-3). Suppose 3*l = -c + l + 26, 0 = c - 2*l - 14. Let r be 4/(-3)*(-15)/c. What is the highest common divisor of b and r?
1
Suppose -1711 = 26*f - 1867. Suppose 3*s - 2 = 124. Suppose -186 - s = -f*l. What is the highest common factor of l and 304?
38
Suppose 66*d + 5*v - 1000 = 65*d, 5*d - 4*v = 4855. Let r = -895 + d. What is the greatest common factor of r and 25?
5
Let u(d) = d**2 - 4*d - 54. Let k be u(-6). Suppose -40 - 20 = -k*c. Calculate the highest common factor of 5 and c.
5
Let v(q) = -q**3 + 18*q**2 + 64*q - 64. Let o be v(20). Suppose -5*r + o = 27*r. Let z be 2/6 + 4/6. Calculate the highest common divisor of z and r.
1
Let p be 9 - 0*(-4)/16. Let n = 57 + -54. Suppose -n*q = -0*q + 4*c - 189, 5*c = 0. What is the greatest common factor of p and q?
9
Suppose -12*r + 24 = -0*r. Let p be r*(2 + -3 + -2). Let h be 99/p*(-7)/(42/8). Calculate the greatest common factor of h and 242.
22
Let y = 404 + -409. Let i(k) = -2*k + 2*k**2 - 3*k - 12 + 3. Let a be i(y). What is the greatest common factor of 6 and a?
6
Suppose 56 = 8*u - 1008. Let b(l) = -l**2 - 7*l - 2. Let j be b(-8). Let y = 9 - j. Calculate the greatest common divisor of y and u.
19
Let f(g) = g**2 + 10*g + 19. Let u be f(-8). Let v be (u - 2)*0 - -3. Let x be (-81)/(-6) - (-2)/((-4)/v). Calculate the greatest common divisor of 132 and x.
12
Let q(d) = d**2 - 17*d - 24. Let j be 6/(30/95) - 2. Let h be q(j). Let x = -18 - h. What is the highest common divisor of 4 and x?
2
Suppose 0 = -4*f + 2*i + 84, -146*f + 144*f + 6 = 5*i. What is the greatest common factor of f and 2313?
9
Suppose 7*f - 20852 = -3*f + 3798. Calculate the greatest common divisor of 17 and f.
17
Let w(v) = 2*v**2 - 7*v - 31. Suppose -42 = 4*z - 10*z. Let q be w(z). Suppose -7*s = -33 - 9. What is the highest common divisor of s and q?
6
Let d be ((-1)/2)/(51/(-272646)). Supp